git of l?
1
Let g(h) = -108*h**2 - 2*h + 6. Let m(z) = -110*z**2 - z + 8. Let b(o) = -3*g(o) + 2*m(o). What is the units digit of b(1)?
6
Suppose -2091 = -c - 3*b, -2086 + 1 = -c - b. What is the units digit of c?
2
Suppose -45 = q - 16. Let k = 479 + q. What is the tens digit of k?
5
Let c(a) = -a**3 - 3*a**2 + 2*a. Let h be c(-4). Suppose -8*r + 24 = -h. Suppose -r*p + 1760 = 4*p. What is the hundreds digit of p?
2
Let p(v) = 505*v + 5131. What is the thousands digit of p(20)?
5
Suppose 29*g = 4*n + 30*g - 117239, 3*n = 2*g + 87943. What is the units digit of n?
1
Suppose -t + 1 + 1 = 0. Let r be (20 - 23)/(2/(-16)*6). Suppose r*b = 0, 2*b + 20 = t*z - 78. What is the units digit of z?
9
Suppose 18 = 3*c + 51. Let p be 1/5 - c/(-5)*-19. Suppose -2*q - 64 = -3*t, -5*t + 74 = -q - p. What is the tens digit of t?
2
What is the thousands digit of (-17816)/(-2)*(-13)/(-26)?
4
Let i be (-5)/10*(2 + 234). Let z = -55 - 116. Let x = i - z. What is the units digit of x?
3
Let b = 870 + -605. Let p = b + -166. Let j = 187 - p. What is the tens digit of j?
8
Let k be 1/((-4)/6 - (-102)/126). Suppose 1506 = k*t - t. What is the hundreds digit of t?
2
Suppose 0 = -5*t + 10*t + o - 284797, -5*t = -5*o - 284755. What is the hundreds digit of t?
9
Suppose -p - v + 34 = 0, -p + 0*v = -5*v - 16. Let k = 91 - p. What is the tens digit of ((-1)/((-3)/23))/(4/k)?
1
Let j(h) = -79*h**3 - 7*h**2 - 6 - 7*h**2 + 11*h**2 + 3 - 3*h. What is the tens digit of j(-2)?
2
Let q be (-6)/(-12)*-10 + -213. Let a = q + 657. What is the hundreds digit of a?
4
Suppose -298 = -9*z + 269. Let v = -59 + z. What is the units digit of v?
4
Let m(o) = -3*o + 9 + 3 + 4*o. Let c be m(-8). Suppose 0 = y + 3*t - 100, c*t + 125 - 430 = -3*y. What is the units digit of y?
3
Let f(g) = g**3 - 15*g**2 + 14*g + 13. Let r be f(14). Suppose 1404 = r*y - y. What is the tens digit of y?
1
Suppose 3*h - b + 6 = 2*b, 4*b = 5*h + 11. Let z(p) = -p**3 + 9*p**2 - 11*p + 33. Let i be z(8). What is the tens digit of (-355)/(-5) + h/(i/6)?
6
Let f be 104/20 + -2 - 4/(-5). Let m(w) = 6*w - 22 - 6*w - f*w - 4*w. What is the units digit of m(-7)?
4
Suppose 0 = 244*k - 249*k. Suppose 31*t - 30*t - 338 = k. What is the units digit of t?
8
Suppose g = 5*g - 14584 - 62380. What is the units digit of g?
1
Suppose -90 = -30*o + 12*o. Suppose o*y - 931 = 2599. What is the tens digit of y?
0
Let y = -358 + 382. Let s(p) = 17*p + 142. What is the units digit of s(y)?
0
Suppose -9585 = 12*x - 42957. What is the thousands digit of x?
2
Suppose 4*y = 2*t + 58854, -2*y + 7*y - 73571 = -t. What is the ten thousands digit of y?
1
Let w(k) = -k**3 - 24*k**2 - 22*k + 26. Let s be w(-23). Suppose 8*v - 528 = -s*v. What is the tens digit of v?
4
Let o(f) = 213*f + 7. Let q be o(6). Let w = q - 609. What is the tens digit of w?
7
Let j = -127 - -127. Suppose j = -15*z + 14*z + 185. What is the units digit of z?
5
Suppose 2*y + 0 = -2*f + 16, 5*f - 2*y = 19. Suppose f*x - 148 = -l, -3*l + 3*x + 349 = -x. Let z = -83 + l. What is the units digit of z?
0
Suppose 0 = 14*j + 82282 - 13640. Let z = -3094 - j. What is the thousands digit of z?
1
Let g be -25 + 29 - (-2 + 1274/(-2)). Suppose -5*f - g = -2413. What is the units digit of f?
4
Let b(h) = -h**2 - 6*h - 4. Let c be (1 + 0)/((-1)/5). Let n be b(c). What is the tens digit of (4 - n)*(-65)/(-3)?
6
Suppose 0 = 7*q - 48089 - 11856 + 14564. What is the tens digit of q?
8
Let a be (25/(-10))/(2/(-904)). Let y = -559 + a. What is the units digit of y?
1
Suppose o - 6167 = 586*y - 582*y, -2*y + 18515 = 3*o. What is the tens digit of o?
7
What is the tens digit of (6 - 399636/(-28)) + 10/(-14)*1?
7
Suppose 0 = -33*v + 30*v + 6. Suppose 0 = 3*w + v*w - 3*i - 64, -w + 8 = i. Suppose 0 = z - w - 15. What is the tens digit of z?
2
Let c = -54 + 56. Let v be 3 - (-109 + (8/4)/c). Let r = 232 - v. What is the units digit of r?
1
Let d = -10095 + 11473. What is the units digit of d?
8
What is the thousands digit of (-7 + 12 - 22/(-4))*266?
2
Let g(n) = -n**2 - 10*n - 10. Let b be g(-6). Suppose -11*x + b*x = -12. What is the tens digit of 16/24*(-150)/x?
2
Let g = 849 + 108. Suppose -3*b + 32*b - g = 0. What is the tens digit of b?
3
What is the units digit of (9 + 1 - -819)/(4*(-3)/(-180))?
5
Suppose -3*j + 2*w + 0 - 32 = 0, -5*w + 45 = -4*j. What is the hundreds digit of (-304)/j*(9 + (-68)/(-8))?
5
Suppose 430 + 220 = -25*b. What is the hundreds digit of (b/3 + 8)*(-850 + 1)?
5
Suppose 0 = -21*c - 30*c + 157437. What is the tens digit of c?
8
Suppose 0 = -103*o + 1027544 + 4304148. What is the hundreds digit of o?
7
Let g(n) = -4*n - 20. Let j be g(-5). What is the units digit of (25 + -23)*(573 + j)?
6
Let g be (-169)/6 + (-8)/(-48). Let l = g - -23. What is the units digit of (-13)/(-65) + (-394)/l?
9
Let q(m) = -m**3 + 6*m**2 - 10*m + 19. Let b be q(6). Let z = -47 - b. What is the units digit of z/21 - 4315/(-35)?
3
Let a(x) = -x**3 + 5*x**2 - 3*x + 3. Let g be a(3). Let p = g + 21. Suppose -p = -3*w + 45. What is the tens digit of w?
2
Suppose 3*a = 74 + 166. Suppose 7*p + a = 416. Let b = p - 17. What is the tens digit of b?
3
Suppose 52*c = 58*c - 48. Let f be (-2)/c + 3578/8. Let m = -268 + f. What is the hundreds digit of m?
1
Let u(d) = -4*d**3 - 10*d**2 + 18*d + 30. Let z(q) = -9*q**3 - 21*q**2 + 37*q + 59. Let c(s) = 7*u(s) - 3*z(s). What is the hundreds digit of c(-11)?
3
Suppose -38*x = 35907 + 21245. Let d = 2742 + x. What is the hundreds digit of d?
2
Let m = -8340 + 20316. What is the ten thousands digit of m?
1
Let i(z) = 2*z**3 + 35*z**2 + 20*z - 58. Let d(a) = 5*a**3 + 102*a**2 + 61*a - 173. Let j(s) = -3*d(s) + 8*i(s). What is the hundreds digit of j(28)?
9
Let n(u) = -2*u**3 - 21*u**2 + 10*u - 15. Let d be n(-11). What is the units digit of 1213 + d - (8 - 6 - -3)?
4
Let i(r) be the first derivative of 2*r**3/3 - 15*r**2 + 73*r - 84. What is the hundreds digit of i(28)?
8
Let f = -49584 - -94290. What is the hundreds digit of f?
7
Suppose -380 - 784 = 12*m. Let j = 153 + m. What is the tens digit of j?
5
Let w(d) = -40*d + 26. Let j be w(3). Let k = 155 - j. What is the units digit of k?
9
Suppose 2*u - 5315 = -5*z, 5*u - 10*z - 13345 = -11*z. What is the units digit of u?
0
Suppose -3*h + 681 = 3*w, -4*w = -4*h - h - 917. Let b = 3203 - 3198. Suppose -3*v - b*r + 132 = -v, r = -4*v + w. What is the tens digit of v?
5
Let x = 288 - 380. Let c = x - -124. What is the tens digit of c?
3
Suppose -4*g - 5*g - 94586 = -226994. What is the tens digit of g?
1
What is the hundreds digit of 6*(-556737)/(-222) - (-38)/703?
0
Let a be ((-12)/(-8))/(3/(-34470)). What is the units digit of (a/60)/(3/(-8))?
6
Let p(m) = -36*m + 95. Let o be p(5). What is the hundreds digit of (-681)/(-5) - (-102)/o?
1
Let x(p) = 6*p**2 - 26*p + 209. What is the thousands digit of x(14)?
1
Suppose 2*s + 3*t - 163 = -0*t, -81 = -s - t. Let z = -26 + 17. Let l = z + s. What is the units digit of l?
1
Suppose 349*l = 301*l + 53760. What is the units digit of l?
0
Suppose c = -4*b + 5811, 2*b = 6*b + 3*c - 5809. Suppose -4*d + 5*f + b = 0, 7*d - 1847 = 2*d - 4*f. What is the hundreds digit of d?
3
Let m(x) = 2*x + 16. Let q be m(-6). Suppose -5*i = q*i + 9. What is the tens digit of -15*((-6)/(-30))/(i/86)?
5
Suppose -5*p + 2*h = -22, 2*p - p - 2*h = 6. Suppose p*x + 170 = 58. Let s = 46 - x. What is the tens digit of s?
7
Let h be (-7 + 7)/(2 - -1). Suppose h = 16*r - 18*r + 536. What is the tens digit of r?
6
Let a = 67 + -120. Let s = a - -58. Suppose 5*w - 6*z - 361 = -3*z, -5*w = s*z - 345. What is the units digit of w?
1
Let v(n) = 403*n - 722. What is the thousands digit of v(46)?
7
Let k be -8*(-1)/4*1. Suppose -k*a - 2364 = -5*a. What is the tens digit of a?
8
Suppose -y = 33*y. Suppose -21*s - 1135 + 9640 = y. What is the tens digit of s?
0
Let l(z) = 719*z - 162. Let p(u) = 361*u - 81. Let t(b) = -3*l(b) + 7*p(b). What is the hundreds digit of t(2)?
6
Let u(x) = -x + 24. Let m be u(17). Suppose 40 = j + m*j. Suppose -j*s = -322 - 178. What is the units digit of s?
0
Suppose -18*n + 11*n = -16534. Suppose -2354 = -4*i + 3*f - 4*f, -4*i = 5*f - n. What is the hundreds digit of i?
5
Suppose -3*c + 10 = -14. Suppose -8 = -12*q + c*q. Suppose -q*y + 64 = -y. What is the units digit of y?
4
